of 180?
True
Is 54 a factor of 127886?
False
Is 264 a multiple of 14?
False
Is 2805 a multiple of 17?
True
Is 56797 a multiple of 70?
False
Is 2880 a multiple of 16?
True
Is 72 a multiple of 9?
True
Does 64 divide 954?
False
Is 36 a multiple of 3?
True
Does 49 divide 588?
True
Does 16 divide 27328?
True
Is 45 a factor of 14085?
True
Is 24 a factor of 4619?
False
Is 6 a factor of 11186?
False
Is 52 a multiple of 26?
True
Does 5 divide 434?
False
Does 13 divide 2405?
True
Does 18 divide 19656?
True
Is 4 a factor of 409?
False
Is 896 a multiple of 7?
True
Is 1052 a multiple of 3?
False
Is 764 a multiple of 10?
False
Is 23580 a multiple of 20?
True
Is 2159 a multiple of 127?
True
Is 1745 a multiple of 14?
False
Is 26 a factor of 4186?
True
Does 93 divide 22227?
True
Does 50 divide 100?
True
Does 45 divide 91586?
False
Does 334 divide 47762?
True
Is 54 a factor of 1350?
True
Is 1160 a multiple of 8?
True
Does 3 divide 115?
False
Does 2 divide 584?
True
Does 43 divide 1129?
False
Is 1162 a multiple of 69?
False
Does 34 divide 76168?
False
Does 4 divide 221?
False
Does 9 divide 385?
False
Does 13 divide 408?
False
Is 2376 a multiple of 24?
True
Is 7 a factor of 79170?
True
Is 7 a factor of 1344?
True
Is 104 a factor of 416?
True
Is 970 a multiple of 9?
False
Does 31 divide 21607?
True
Is 7473 a multiple of 47?
True
Does 6 divide 482?
False
Is 24 a factor of 384?
True
Is 14 a factor of 32246?
False
Is 8380 a multiple of 83?
False
Is 16873 a multiple of 19?
False
Is 27405 a multiple of 145?
True
Does 3 divide 15762?
True
Is 667 a multiple of 25?
False
Is 3682 a multiple of 50?
False
Is 916 a multiple of 87?
False
Is 1006 a multiple of 47?
False
Is 1094 a multiple of 59?
False
Is 133 a factor of 2394?
True
Is 5250 a multiple of 44?
False
Is 4 a factor of 216?
True
Is 39 a factor of 1058?
False
Is 41 a factor of 10004?
True
Is 13 a factor of 338?
True
Is 6209 a multiple of 58?
False
Does 7 divide 69459?
False
Is 1108 a multiple of 32?
False
Is 37 a factor of 52669?
False
Does 333 divide 53280?
True
Is 1790 a multiple of 24?
False
Is 169 a factor of 7436?
True
Is 2 a factor of 104?
True
Is 9113 a multiple of 21?
False
Does 21 divide 1659?
True
Is 18 a factor of 1213?
False
Is 1698 a multiple of 9?
False
Is 1664 a multiple of 13?
True
Is 60 a factor of 21128?
False
Is 1172 a multiple of 51?
False
Does 15 divide 821?
False
Is 18 a factor of 8254?
False
Is 20 a factor of 13851?
False
Is 4801 a multiple of 25?
False
Is 22 a factor of 330?
True
Is 21 a factor of 651?
True
Is 7893 a multiple of 67?
False
Is 223 a factor of 109846?
False
Is 81 a factor of 267?
False
Does 46 divide 711?
False
Does 12 divide 288?
True
Does 137 divide 7820?
False
Is 4 a factor of 6252?
True
Does 54 divide 27864?
True
Is 2 a factor of 374?
True
Does 83 divide 3071?
True
Is 25634 a multiple of 14?
True
Is 9 a factor of 458?
False
Is 5 a factor of 240?
True
Is 17 a factor of 9911?
True
Is 108 a multiple of 27?
True
Does 103 divide 1247?
False
Is 32155 a multiple of 59?
True
Is 28092 a multiple of 12?
True
Does 7 divide 393?
False
Does 4 divide 272?
True
Does 12 divide 948?
True
Is 31682 a multiple of 14?
True
Is 408 a multiple of 51?
True
Does 42 divide 6047?
False
Does 34 divide 72827?
False
Is 7 a factor of 2002?
True
Does 8 divide 75?
False
Does 6 divide 556?
False
Does 14 divide 1596?
True
Is 4 a factor of 116?
True
Is 2068 a multiple of 22?
True
Is 541 a multiple of 15?
False
Is 11 a factor of 20394?
True
Is 4 a factor of 1185?
False
Does 2 divide 5237?
False
Does 132 divide 7816?
False
Does 33 divide 4113?
False
Is 256 a multiple of 32?
True
Does 5 divide 20?
True
Is 111 a factor of 32128?
False
Is 7 a factor of 1015?
True
Does 20 divide 8729?
False
Is 269 a factor of 18443?
False
Is 15573 a multiple of 15?
False
Is 727 even?
False
Is 113 a multiple of 5?
False
Is 5982 a multiple of 153?
False
Is 28066 a multiple of 37?
False
Is 194 a factor of 37534?
False
Is 427 a multiple of 13?
False
Is 2784 a multiple of 4?
True
Is 1116 a multiple of 18?
True
Does 10 divide 41533?
False
Does 53 divide 583?
True
Is 59 a factor of 14396?
True
Does 61 divide 3355?
True
Does 14 divide 310?
False
Is 22283 a multiple of 45?
False
Does 52 divide 9855?
False
Is 27 a factor of 1647?
True
Does 13 divide 160291?
False
Is 3 a factor of 72?
True
Is 29 a factor of 58?
True
Does 43 divide 15394?
True
Is 20 a factor of 190?
False
Is 23546 a multiple of 193?
True
Does 13 divide 12292?
False
Is 10 a factor of 2759?
False
Is 3769 a multiple of 3?
False
Is 144592 a multiple of 48?
False
Is 230 a multiple of 10?
True
Is 12 a factor of 3384?
True
Does 11 divide 1380?
False
Is 9 a factor of 531?
True
Does 22 divide 1738?
True
Is 61017 a multiple of 43?
True
Is 4 a factor of 17?
False
Does 5 divide 194?
False
Does 115 divide 34730?
True
Is 1807 a multiple of 5?
False
Is 33 a factor of 1089?
True
Is 32 a factor of 3296?
True
Is 184184 a multiple of 23?
True
Is 15494 a multiple of 15?
False
Does 389 divide 75901?
False
Is 8369 a multiple of 30?
False
Does 56 divide 112?
True
Is 24 a factor of 1285?
False
Is 10 a factor of 31830?
True
Is 150 a factor of 6658?
False
Is 1748 a multiple of 92?
True
Is 53 a factor of 21253?
True
Does 18 divide 5796?
True
Is 12 a factor of 708?
True
Is 47 a factor of 26226?
True
Does 9 divide 738?
True
Is 14070 a multiple of 44?
False
Is 450 a multiple of 30?
True
Does 4 divide 236?
True
Is 1820 a multiple of 28?
True
Is 232 a multiple of 10?
False
Is 12 a factor of 1903?
False
Is 83 a factor of 4233?
True
Is 3777 a multiple of 72?
False
Does 8 divide 7830?
False
Does 213 divide 34506?
True
Does 8 divide 3768?
True
Does 14 divide 15526?
True
Is 1467 a multiple of 38?
False
Is 2 a factor of 70?
True
Is 391 a factor of 74303?
False
Is 14 a factor of 20398?
True
Does 13 divide 1521?
True
Does 26 divide 21242?
True
Is 38 a factor of 999?
False
Is 64926 a multiple of 26?
False
Does 37 divide 465?
False
Is 25927 a multiple of 11?
True
Does 28 divide 414?
False
Is 25 a factor of 3900?
True
Is 12855 a multiple of 107?
False
Is 79 a factor of 5534?
False
Does 27 divide 44897?
False
Does 15 divide 293?
False
Does 17 divide 2873?
True
Is 970 a multiple of 4?
False
Is 120 a multiple of 23?
False
Is 1488 a multiple of 124?
True
Is 67588 a multiple of 27?
False
Is 49020 a multiple of 190?
True
Is 113 a factor of 5537?
True
Does 54 divide 7132?
False
Does 11 divide 63?
False
Is 7 a factor of 350?
True
Is 25249 a multiple of 56?
False
Does 3 divide 217?
False
Does 15 divide 260?
False
Is 11 a factor of 862?
False
Is 22 a factor of 19146?
False
Does 69 divide 1313?
False
Is 39 a factor of 351?
True
Is 330 a multiple of 10?
True
Does 3 divide 376?
False
Is 1220 a multiple of 10?
True
Is 41309 a multiple of 232?
False
Is 2037 a multiple of 11?
False
Does 3 divide 158?
False
Is 13845 a multiple of 71?
True
Does 20 divide 1080?
True
Is 2 a factor of 1660?
True
Is 8316 a multiple of 84?
True
Is 64817 a multiple of 64?
False
Does 5 divide 6409?
False
Is 4329 a multiple of 37?
True
Is 1530 a multiple of 17?
True
Is 80 a multiple of 20?
True
Is 120 a factor of 4345?
False
Does 12 divide 24?
True
Does 94 divide 16033?
False
Is 5 a factor of 120?
True
Is 21 a factor of 525?
True
Does 8 divide 22435?
False
Does 4 divide 1044?
True
Is 5 a factor of 1075?
True
Does 5 divide 988?
False
Is 26232 a multiple of 16?
False
Does 14 divide 294?
True
Is 6 a factor of 975?
False
Is 1224 a multiple of 36?
True
Is 11064 a multiple of 88?
False
Does 52 divide 1872?
True
Is 15872 a multiple of 250?
False
Is 9 a factor of 396?
True
Does 7 divide 462?
True
Is 1946 a multiple of 7?
True
Is 57771 a multiple of 8?
False
Does 58 divide 3654?
True
Is 102915 a multiple of 14?
False
Does 12 divide 142?
False
Is 15 a factor of 38535?
True
Is 23 a factor of 1196?
True
Is 26 a factor of 790?
False
Does 5 divide 4130?
True
Does 19 divide 10636?
False
Is 7 a factor of 3310?
False
Does 4 divide 1864?
True
Does 18 divide 35?
False
Is 38 a factor of 52836?
False
Does 22 divide 4004?
True
Is 48 a factor of 1046?
False
Does 13 divide 2319?
False
Is 17 a factor of 422?
False
Does 20 divide 16440?
True
Is 16 a factor of 17826?
False
Is 5926 a multiple of 59?
False
Is 92 a factor of 92?
True
Is 9 a factor of 11700?
True
Does 41 divide 1207?
False
D